 of 57214?
1
What is the thousands digit of 15126?
5
What is the thousands digit of 3108?
3
What is the hundreds digit of 8707?
7
What is the tens digit of 4797?
9
What is the tens digit of 53897?
9
What is the thousands digit of 206629?
6
What is the units digit of 5710?
0
What is the hundreds digit of 1589?
5
What is the ten thousands digit of 14159?
1
What is the tens digit of 2181?
8
What is the hundreds digit of 1503?
5
What is the tens digit of 17?
1
What is the hundreds digit of 1241?
2
What is the tens digit of 26680?
8
What is the units digit of 29310?
0
What is the tens digit of 1528?
2
What is the units digit of 14514?
4
What is the thousands digit of 24641?
4
What is the units digit of 4623?
3
What is the tens digit of 136763?
6
What is the hundreds digit of 73452?
4
What is the tens digit of 946?
4
What is the units digit of 73897?
7
What is the tens digit of 21745?
4
What is the hundreds digit of 4442?
4
What is the units digit of 11467?
7
What is the tens digit of 8407?
0
What is the tens digit of 485?
8
What is the tens digit of 185760?
6
What is the ten thousands digit of 27777?
2
What is the tens digit of 2695?
9
What is the thousands digit of 72012?
2
What is the thousands digit of 39134?
9
What is the units digit of 1987?
7
What is the tens digit of 880?
8
What is the tens digit of 6990?
9
What is the hundreds digit of 694?
6
What is the units digit of 2461?
1
What is the hundreds digit of 746?
7
What is the tens digit of 858?
5
What is the thousands digit of 1049?
1
What is the units digit of 27802?
2
What is the ten thousands digit of 80950?
8
What is the tens digit of 99008?
0
What is the thousands digit of 22764?
2
What is the thousands digit of 73100?
3
What is the units digit of 110809?
9
What is the thousands digit of 2614?
2
What is the units digit of 443?
3
What is the tens digit of 86334?
3
What is the thousands digit of 18947?
8
What is the hundreds digit of 14325?
3
What is the hundreds digit of 64054?
0
What is the tens digit of 18553?
5
What is the units digit of 143534?
4
What is the units digit of 1650?
0
What is the units digit of 7482?
2
What is the hundreds digit of 699?
6
What is the tens digit of 8164?
6
What is the units digit of 6885?
5
What is the tens digit of 20865?
6
What is the units digit of 38?
8
What is the hundreds digit of 526?
5
What is the tens digit of 12448?
4
What is the units digit of 4011?
1
What is the thousands digit of 14784?
4
What is the hundreds digit of 4477?
4
What is the units digit of 452?
2
What is the tens digit of 5823?
2
What is the thousands digit of 8105?
8
What is the tens digit of 3819?
1
What is the ten thousands digit of 27339?
2
What is the units digit of 4700?
0
What is the thousands digit of 2548?
2
What is the units digit of 1168?
8
What is the tens digit of 261?
6
What is the thousands digit of 1807?
1
What is the tens digit of 1539?
3
What is the thousands digit of 91420?
1
What is the thousands digit of 1379?
1
What is the tens digit of 5588?
8
What is the thousands digit of 23041?
3
What is the hundreds digit of 1172?
1
What is the hundreds digit of 26769?
7
What is the hundreds digit of 1798?
7
What is the thousands digit of 5726?
5
What is the units digit of 18558?
8
What is the units digit of 5559?
9
What is the tens digit of 970?
7
What is the tens digit of 670?
7
What is the units digit of 98631?
1
What is the units digit of 3820?
0
What is the units digit of 1217?
7
What is the units digit of 1105?
5
What is the units digit of 247?
7
What is the tens digit of 175?
7
What is the tens digit of 2249?
4
What is the thousands digit of 188217?
8
What is the hundreds digit of 345?
3
What is the hundreds digit of 2038?
0
What is the hundreds digit of 1759?
7
What is the tens digit of 7035?
3
What is the tens digit of 194508?
0
What is the thousands digit of 1753?
1
What is the units digit of 1479?
9
What is the hundreds digit of 1565?
5
What is the tens digit of 389?
8
What is the tens digit of 110?
1
What is the thousands digit of 144583?
4
What is the ten thousands digit of 40595?
4
What is the thousands digit of 1333?
1
What is the units digit of 1926?
6
What is the units digit of 27243?
3
What is the ten thousands digit of 10778?
1
What is the tens digit of 24008?
0
What is the tens digit of 13747?
4
What is the hundreds digit of 28979?
9
What is the tens digit of 1077?
7
What is the tens digit of 2874?
7
What is the thousands digit of 6791?
6
What is the thousands digit of 2849?
2
What is the hundreds digit of 15640?
6
What is the hundreds digit of 550?
5
What is the thousands digit of 36698?
6
What is the units digit of 11596?
6
What is the tens digit of 91300?
0
What is the tens digit of 10452?
5
What is the ten thousands digit of 42384?
4
What is the tens digit of 8905?
0
What is the hundreds digit of 1703?
7
What is the units digit of 281?
1
What is the tens digit of 9366?
6
What is the hundreds digit of 2633?
6
What is the units digit of 8973?
3
What is the thousands digit of 83510?
3
What is the hundreds digit of 534?
5
What is the units digit of 3519?
9
What is the thousands digit of 88007?
8
What is the hundreds digit of 442?
4
What is the units digit of 1174?
4
What is the units digit of 15784?
4
What is the thousands digit of 28294?
8
What is the thousands digit of 1068?
1
What is the units digit of 47364?
4
What is the tens digit of 1693?
9
What is the units digit of 81662?
2
What is the units digit of 18335?
5
What is the units digit of 79803?
3
What is the tens digit of 75?
7
What is the units digit of 1430?
0
What is the tens digit of 17742?
4
What is the units digit of 419?
9
What is the tens digit of 1311?
1
What is the units digit of 17971?
1
What is the thousands digit of 4238?
4
What is the thousands digit of 10090?
0
What is the ten thousands digit of 10216?
1
What is the tens digit of 53537?
3
What is the thousands digit of 8474?
8
What is the hundreds digit of 2176?
1
What is the ten thousands digit of 36557?
3
What is the thousands digit of 3036?
3
What is the thousands digit of 15327?
5
What is the units digit of 778?
8
What is the hundreds digit of 21973?
9
What is the units digit of 11545?
5
What is the hundreds digit of 27083?
0
What is the thousands digit of 89188?
9
What is the ten thousands digit of 44038?
4
What is the thousands digit of 12248?
2
What is the tens digit of 1086?
8
What is the hundreds digit of 18446?
4
What is the units digit of 9328?
8
What is the thousands digit of 5542?
5
What is the tens digit of 32644?
4
What is the thousands digit of 21230?
1
What is the hundreds digit of 4500?
5
What is the thousands digit of 20184?
0
What is the thousands digit of 1731?
1
What is the units digit of 1458?
8
What is the tens digit of 1332?
3
What is the hundreds digit of 9053?
0
What is the tens digit of 12412?
1
What is the hundreds digit of 6981?
9
What is the ten thousands digit of 23776?
2
What is the units digit of 91?
1
What is the tens digit of 177000?
0
What is the ten thousands digit of 172614?
7
What is the hundreds digit of 4950?
9
What is the hundreds digit of 14408?
4
What is the tens digit of 1773?
7
What is the units digit of 1505?
5
What is the tens digit of 94541?
4
What is the units digit of 29615?
5
What is the thousands digit of 17285?
7
What is the tens digit of 20295?
9
What is the thousands digit of 2793?
2
What is the thousands digit of 5860?
5
What is the units digit of 29933?
3
What is the thousands digit of 15023?
5
What is the thousands digit of 9113?
9
What is the units digit of 16003?
3
What is the tens digit of 73166?
6
What is the tens digit of 812?
1
What is the hundreds digit of 18694?
6
What is the units digit of 420?
0
What is the units digit of 8683?
3
What is the thousands digit of 2074?
2
What is the units digit of 103939?
9
What is the units digit of 436?
6
What is the tens digit of 742?
4
What is the units digit of 1097?
7
What is the tens digit of 85281?
8
What is the ten thousands digit of 17842?
1
What is the ten thousands digit of 79636?
7
What is the ten thousands digit of 18095?
1
What is the units digit of 518?
8
What is the ten thousands digit of 121662?
2
What is the hundreds digit of 1070?
0
What is the thousands digit of 5420?
5
What is the tens digit of 196?
9
W